e 13?
b4
4 (base 10) to base 5
4
Convert -6 (base 12) to base 11.
-6
What is 0 (base 4) in base 3?
0
What is 72 (base 15) in base 3?
10222
-100110 (base 2) to base 10
-38
Convert 314 (base 5) to base 16.
54
111 (base 3) to base 4
31
c (base 13) to base 2
1100
What is 4 (base 13) in base 15?
4
What is -10 (base 10) in base 11?
-a
What is -112 (base 3) in base 12?
-12
What is 3 (base 9) in base 3?
10
22 (base 5) to base 10
12
-1011 (base 2) to base 11
-10
Convert 101 (base 4) to base 16.
11
Convert 30 (base 6) to base 16.
12
What is -5 (base 15) in base 4?
-11
-40 (base 12) to base 4
-300
Convert 104 (base 8) to base 4.
1010
What is -1 (base 10) in base 11?
-1
What is -1011 (base 3) in base 7?
-43
Convert 4 (base 9) to base 3.
11
Convert 3 (base 15) to base 13.
3
-12 (base 3) to base 9
-5
What is 124 (base 10) in base 16?
7c
Convert -233 (base 4) to base 13.
-38
-155 (base 7) to base 13
-6b
What is 38 (base 10) in base 2?
100110
Convert -32 (base 11) to base 15.
-25
10 (base 2) to base 4
2
Convert -1 (base 15) to base 2.
-1
-6b (base 15) to base 9
-122
20 (base 5) to base 10
10
Convert 5 (base 11) to base 16.
5
30 (base 8) to base 13
1b
What is -3 (base 12) in base 2?
-11
-4 (base 10) to base 3
-11
Convert -23 (base 12) to base 11.
-25
8 (base 11) to base 2
1000
3 (base 14) to base 2
11
What is -6 (base 9) in base 14?
-6
What is 14 (base 8) in base 12?
10
-1c (base 15) to base 13
-21
What is 103 (base 5) in base 2?
11100
What is -17 (base 13) in base 7?
-26
1100 (base 2) to base 13
c
Convert -3 (base 12) to base 10.
-3
-88 (base 12) to base 16
-68
What is 3 (base 6) in base 8?
3
Convert -114 (base 5) to base 9.
-37
What is 66 (base 11) in base 12?
60
-8 (base 13) to base 8
-10
What is -3 (base 14) in base 16?
-3
Convert 1 (base 14) to base 7.
1
What is -6 (base 13) in base 10?
-6
What is -4 (base 15) in base 10?
-4
Convert 7 (base 15) to base 2.
111
Convert 20 (base 4) to base 10.
8
What is -1011 (base 2) in base 12?
-b
What is -11 (base 15) in base 9?
-17
Convert 18 (base 14) to base 6.
34
Convert -36 (base 9) to base 8.
-41
Convert -8 (base 11) to base 7.
-11
What is -b (base 12) in base 11?
-10
20 (base 3) to base 2
110
What is -4 (base 16) in base 3?
-11
What is -12 (base 10) in base 8?
-14
-4 (base 9) to base 16
-4
Convert -10001011 (base 2) to base 14.
-9d
13 (base 11) to base 10
14
What is 21 (base 3) in base 4?
13
What is 26 (base 10) in base 12?
22
What is 6 (base 15) in base 3?
20
-3 (base 5) to base 6
-3
What is -83 (base 14) in base 10?
-115
What is -5 (base 16) in base 4?
-11
What is -7 (base 10) in base 13?
-7
What is -27 (base 10) in base 8?
-33
What is 23 (base 16) in base 7?
50
6 (base 15) to base 10
6
Convert -3 (base 15) to base 9.
-3
Convert 290 (base 11) to base 3.
110122
What is -2 (base 11) in base 8?
-2
-111 (base 5) to base 6
-51
What is -13 (base 6) in base 14?
-9
What is -5 (base 11) in base 8?
-5
What is -a9 (base 11) in base 6?
-315
Convert -30 (base 8) to base 14.
-1a
What is 16 (base 14) in base 10?
20
35 (base 8) to base 15
1e
What is -104 (base 5) in base 15?
-1e
What is 45 (base 7) in base 14?
25
-59 (base 14) to base 2
-1001111
Convert -78 (base 9) to base 7.
-131
48 (base 15) to base 6
152
11020 (base 3) to base 6
310
Convert 24 (base 5) to base 2.
1110
What is -d (base 16) in base 2?
-1101
-32 (base 15) to base 11
-43
Convert 44 (base 10) to base 12.
38
Convert 2 (base 5) to base 10.
2
What is 0 (base 3) in base 7?
0
What is -6 (base 7) in base 12?
-6
What is -a (base 13) in base 9?
-11
0 (base 3) to base 4
0
5 (base 16) to base 2
101
Convert -221 (base 5) to base 7.
-115
Convert 78 (base 11) to base 12.
71
Convert -8 (base 13) to base 10.
-8
3b (base 14) to base 3
1222
-a (base 12) to base 8
-12
What is -14 (base 8) in base 16?
-c
Convert -107 (base 11) to base 12.
-a8
What is 212 (base 3) in base 8?
27
What is b (base 16) in base 3?
102
-3 (base 11) to base 4
-3
What is 90 (base 15) in base 8?
207
164 (base 7) to base 5
340
Convert 12 (base 8) to base 5.
20
What is -326 (base 7) in base 10?
-167
What is 0 (base 14) in base 11?
0
Convert -103 (base 4) to base 11.
-18
-3 (base 6) to base 9
-3
Convert 26 (base 16) to base 15.
28
What is -10 (base 2) in base 8?
-2
-3 (base 14) to base 12
-3
What is -53 (base 15) in base 16?
-4e
Convert -9 (base 16) to base 12.
-9
Convert 1b (base 15) to base 12.
22
Convert -20 (base 3) to base 12.
-6
Convert 3 (base 14) to base 11.
3
-6 (base 15) to base 2
-110
-130 (base 9) to base 3
-11000
Convert -3 (base 15) to base 9.
-3
-68 (base 15) to base 3
-10122
Convert -23 (base 14) to base 6.
-51
Convert -1 (base 4) to base 3.
-1
211 (base 3) to base 14
18
2 (base 15) to base 13
2
What is 0 (base 2) in base 4?
0
Convert -23 (base 4) to base 15.
-b
What is 2 (base 16) in base 9?
2
Convert -2 (base 10) to base 4.
-2
3 (base 13) to base 10
3
1112 (base 3) to base 11
38
173 (base 11) to base 5
1301
Convert -231 (base 4) to base 7.
-63
What is -2 (base 9) in base 5?
-2
Convert 10 (base 16) to base 11.
15
0 (base 14) to base 16
0
Convert 3 (base 5) to base 9.
3
-11100 (base 2) to base 8
-34
What is -22 (base 14) in base 12?
-26
What is 2204 (base 5) in base 3?
102021
What is -111 (base 3) in base 9?
-14
What is -a (base 15) in base 12?
-a
Convert 76 (base 8) to base 6.
142
0 (base 11) to base 6
0
10011 (base 2) to base 14
15
What is -1 (base 7) in base 15?
-1
Convert -4 (base 15) to base 7.
-4
Convert 43 (base 5) to base 11.
21
What is -1 (base 12) in base 8?
-1
Convert a (base 15) to base 11.
a
-2c (base 13) to base 10
-38
Convert -3 (base 6) to base 13.
-3
Convert -4 (base 8) to base 4.
-10
What is -34 (base 10) in base 14?
-26
6 (base 15) to base 3
20
Convert -12 (base 4) to base 8.
-6
What is -10 (base 4) in base 13?
-4
What is 13 (base 8) in base 10?
11
What is -5 (base 7) in base 6?
-5
Convert -cf (base 16) to base 6.
-543
Convert 17 (base 14) to base 7.
30
Convert 16 (base 7) to base 16.
d
Convert -27 (base 16) to base 7.
-54
Convert -1 (base 6) to base 3.
-1
Convert -205 (base 6) to base 3.
-2212
What is -1300 (base 4) in base 9?
-134
1110 (base 2) to base 8
16
-1 (base 14) to base 3
-1
-6 (base 11) to base 16
-6
Convert -101 (base 3) to base 4.
-22
130 (base 6) to base 9
60
11 (base 9) to base 15
a
What is 0 (base 8) in base 15?
0
What is 3 (base 16) in base 5?
3
What is 23 (base 8) in base 2?
10011
44 (base 5) to base 8
30
-42 (base 6) to base 9
-28
What is -110 (base 4) in base 15?
-15
2e (base 15) to base 16
2c
Convert 34 (base 10) to base 11.
31
3 (base 11) to base 10
3
-103 (base 7) to base 15
-37
What is 16 (base 15) in base 13?
18
What is -27 (base 8) in base 13?
-1a
31 (base 6) to base 4
103
What is -a (base 14) in base 2?
-1010
What is 1a (base 12) in base 16?
16
Convert -233 (base 10) to base 11.
-1a2
5 (base 16) to base 11
5
What is 112 (base 4) in base 6?
34
What is -12 (base 3) in base 5?
-10
Convert -12 (base 3) to base 15.
-5
What is -4 (base 13) in base 12?
-4
-6 (base 10) to base 4
-12
Convert 10022 (base 3) to base 8.
131
-1 (base 16) to base 2
-1
Convert -10001100 (base 2) to base 9.
-165
22 (base 12) to base 11
24
What is 3 (base 10) in base 9?
3
What is -6 (base 14) in base 8?
-6
-3 (base 7) to base 12
-3
What is -1 (base 12) in base 10?
-1
Convert 0 (base 15) to base 14.
0
4 (base 12) to base 8
4
Convert -300 (base 5) to base 4.
-1023
What is 20 (base 3) in base 10?
6
What is -42 (base 7) in base 8?
-36
364 (base 8) to base 12
184
Convert -9 (base 12) to base 9.
-10
-33 (base 13) to base 8
-52
What is -34 (base 8) in base 3?
-1001
143 (base 10) to base 8
217
Convert 81 (base 11) to base 15.
5e
-12d (base 16) to base 14
-177
-31 (base 10) to base 11
-29
Convert 4 (base 13) to base 10.
4
5 (base 6) to base 12
5
What is -42 (base 11) in base 2?
-101110
Convert 21 (base 6) to base 14.
d
-45 (base 15) to base 5
-230
What is -20 (base 3) in base 5?
-11
Convert 232 (base 7) to base 8.
171
What is -4 (base 14) in base 15?
-4
Convert -2 (base 13) to base 15.
-2
What is 2010 (base 3) in base 9?
63
What is -413 (base 5) in base 9?
-130
Convert -57 (base 14) to base 5.
-302
What is 102 (base 3) in base 12?
b
Convert 2 (base 3) to base 5.
2
0 (base 3) to base 5
0
What is 5 (base 15) in base 11?
5
What is -17 (base 15) in base 16?
-16
75 (base 8) to base 12
51
What 